 be i(3). Give u(x).
-4
Let r(z) be the third derivative of -13*z**4/12 + z**3/6 - 92*z**2. Calculate r(-1).
27
Let f be ((-20)/(-15))/((-4)/18). Let s(p) be the first derivative of p**4/12 + p**3 - 3*p**2/2 - 15*p - 7. Let h(b) be the first derivative of s(b). Give h(f).
-3
Let o(b) = -b**2 + 4*b - 4. Let m be -1*(-9 + 14) - -7. What is o(m)?
0
Let l be ((-108)/(-135))/(0 + (-6)/15). Let r(c) = 4*c - 3. Give r(l).
-11
Let z(r) = -4*r**2 + 13*r - 6. Let f(u) = 21*u - 899. Let o be f(43). Calculate z(o).
-18
Let b(q) = q**2 - 20*q - 344. Let r be b(-11). Let h(w) = w**3 + 3*w**2 + w - 1. What is h(r)?
-4
Let s(c) = -5*c - 5. Let k(w) = -6*w - 5. Let f = -10 - -13. Let x(d) = f*k(d) - 4*s(d). Give x(-4).
-3
Suppose -j - 5*u = 19, -j - 34 = -5*j + 2*u. Let p(i) = i - 8. What is p(j)?
-2
Let c(p) = -4*p + 6. Let w(z) = 1. Let l(k) = -c(k) + 3*w(k). Let u be 10 + 295/(-35) + (-9)/(-21). What is l(u)?
5
Let x(w) be the third derivative of -w**6/120 + w**5/10 - w**4/4 + 79*w**2. Let p(b) = -b**2 - 9*b - 3. Suppose 2*u - 32 = 6*u. Let n be p(u). What is x(n)?
-5
Let k(a) = 2*a**2 - 2*a + 1. Let m(g) = -5*g**2 + 5*g - 2. Suppose -4*i - 42 = -14. Let f(s) = i*k(s) - 3*m(s). What is f(-2)?
5
Let f(h) be the third derivative of h**6/360 - h**5/60 - h**4/24 + 2*h**3 - 14*h**2. Let z(p) be the first derivative of f(p). Give z(3).
2
Let m(p) be the first derivative of -p**4/4 - 4*p**3/3 + 5*p**2/2 - 3*p - 59. Determine m(-5).
-3
Let i(w) = w**3 + 10*w**2 + 5*w - 10. Let y be (9 - 0/(-6))*-1. Calculate i(y).
26
Let f(b) = -4*b**3 - b**2 + 2*b - 1. Suppose 2*l - l = 36. Suppose 3 = 39*k - l*k. Give f(k).
-4
Let p(q) = q + 7. Suppose 213*v - 42 = 219*v. Determine p(v).
0
Let l(g) = -5*g**3 + 2*g**2 - 1. Let m(v) = v. Let o be m(7). Suppose -o + 10 = 3*j. Give l(j).
-4
Suppose 25 + 86 = -3*u. Let w = -45 - u. Let a(g) = g + 9. Determine a(w).
1
Let g(f) = -f + 3. Let s(h) be the second derivative of h**3/3 - 2*h**2 - 12*h. Let v be s(2). Give g(v).
3
Let i(j) = 12*j**2 - 58*j + 45*j - 42 - 13*j**2. Determine i(-8).
-2
Let b(m) = -1. Let l(u) = u + 14. Suppose 0*s = 3*s + 3. Let c(g) = s*l(g) - 2*b(g). Let f(y) = -2*y + 11. Let w be f(8). Calculate c(w).
-7
Suppose m - 15 + 40 = -4*n, -4*m = -4*n - 40. Let d(u) = u**2 + 9*u + 5. Calculate d(n).
-9
Let u(n) be the first derivative of -n**3/3 + n**2/2 + 11*n + 2. Suppose 0 = 3*f - 2*a - 9 + 1, 20 = -f - 5*a. Determine u(f).
11
Let n = -14 + 8. Let p be (-34 - 0) + (-12)/n. Let f = 30 + p. Let a(x) = x. What is a(f)?
-2
Let t = -1 + -4. Let k(u) = -2 - 8*u + u - 33*u**3 - 37*u**3 - 46*u**3 - 6*u**2 + 115*u**3. Give k(t).
8
Let u(d) = 9*d**3 - 3*d**2 + 2*d + 1. Let c be ((-13)/26)/(-2*3/12). Determine u(c).
9
Let x(i) = 9*i - 3*i**2 - 3 + 5*i**2 - 3*i**2 + 0*i**2. Give x(6).
15
Suppose 2*n - 18 = -4*p, 8*p + 4 = 5*p + 2*n. Let v(m) = -38*m**2 + 40*m**2 - p*m - m - 4. Suppose -2*g + 4 = -2. What is v(g)?
5
Suppose -4*w + 119 = -121. Let d be (-23)/3 - (-40)/w. Let k = d + 1. Let t(v) = -v**2 - 5*v + 2. Calculate t(k).
-4
Let m be (-1)/(9/(-48)) + (-2)/(-3). Let g = -12 + m. Let r(p) = -p**3 - 6*p**2 + p - 3. Give r(g).
-9
Let j(i) be the third derivative of i**5/60 - i**4/8 - i**3/3 + 3*i**2 - 46. Determine j(-3).
16
Let h(l) be the third derivative of -l**5/30 + l**4/6 - l**3/2 + l**2. Suppose 7*z - z = 12. Let f be h(z). Let o(n) = -n**2 - 4*n + 3. Determine o(f).
6
Suppose -9*y + 5*y - 8 = 0. Let o(r) be the first derivative of 5*r - 4*r - 2*r + 3*r + 3*r**2 + 3. Give o(y).
-10
Let t(v) = -3*v - 28 - 28 + v + 57 - 23. Give t(-10).
-2
Let l(s) = s**3 + 3*s**2 + s + 1. Suppose 9*q - 16*q = 21. Give l(q).
-2
Let x(a) = -a**3 - 4*a**2 - 3. Suppose -5 = 2*p - 5*c + 10*c, -4*p - 2*c = 18. Calculate x(p).
22
Let g(o) = -o**3 + 4*o**2 - 4*o + 1. Let l be g(3). Let t(u) = -2*u + 25. Let n be t(11). Let d(j) = j**2 - 7*j - j**3 + 4*j - 3 + 0*j**n + 0*j. Determine d(l).
15
Let v(c) be the first derivative of -3*c**2/2 - 2. Suppose 0 = -131*q + 136*q - 5. Calculate v(q).
-3
Let y(u) = u**2 + u + 4. Let t = -15 - -20. Suppose t*d = 9*d + 28. Let x = d + 4. Calculate y(x).
10
Let v(d) = -d**2 + d. Suppose 4*x = -2*i - 0*i + 14, 5*i = 5*x - 40. Suppose 9*g - 2*g = x*g. Calculate v(g).
0
Suppose 7 = 3*b + k - 11, -5*k + 5 = -2*b. Let w(g) = g**2 + 4 + 6*g + 0*g - b*g + 0*g. Determine w(-3).
10
Let g(j) be the first derivative of -j**2/2 - 4*j + 17. Let p(h) = -h - 8. Let l be p(-6). What is g(l)?
-2
Let z(t) = -t + 4. Suppose 0 = 7*h - 5*h - 34. Let w be (-2)/h - (-140)/34. Let i be z(w). Let n(f) = -f**3 + f**2. Calculate n(i).
0
Let d(w) = 5*w**2 - 17*w + 16. Let l(s) = -9*s**2 + 32*s - 31. Let v(i) = 11*d(i) + 6*l(i). Give v(-7).
4
Let u be (12 + 0)*99/(-396). Let q(b) be the second derivative of b**3/2 - b**2 + 2*b. Give q(u).
-11
Let w(s) = -s**3 - 9*s**2 - 7*s + 1. Let l = -71 + 76. Suppose 0*o - o - 3*f - 2 = 0, -3*f + 46 = -l*o. Determine w(o).
-7
Let s(p) = 20*p + 8 + 37*p - 61*p - 2. Calculate s(-7).
34
Let x(b) = b**3 + 4*b**2 - 3*b - 3. Suppose 6*f - f - 7 = -n, -3*n = f + 7. Give x(n).
15
Let t(j) = 48*j + 289. Let w be t(-6). Let q(d) = 12*d**3 - d**2 + 1. Give q(w).
12
Let a = -12 - -3. Let v = a + 5. Let t(c) = -2 - 4*c - 9*c**2 + 4*c**2 + 4*c**2. What is t(v)?
-2
Let m(y) = 178*y - 5 + 177*y - 356*y + 3. Calculate m(-1).
-1
Let n(r) be the third derivative of r**6/40 + r**5/60 - r**4/4 + r**3 - 8*r**2. Let t(z) = 2*z**3 + z**2 - 5*z + 5. Let m(f) = 5*n(f) - 6*t(f). Give m(1).
2
Let p be (-6)/(-42) + (-26)/(-14). Let m(k) = -4*k**3 + 11*k**2 - 6*k + 7. Let y(l) = 3*l**3 - 10*l**2 + 7*l - 8. Let t(s) = p*m(s) + 3*y(s). What is t(7)?
4
Let a(m) = -3*m**2 + 6*m + 5. Let u be a(-3). Let p = u + 49. Let s(i) = -i + 6. What is s(p)?
-3
Let a(g) = 147 - 15*g - 2*g + 147 - 431 + 138. What is a(3)?
-50
Let o(g) be the third derivative of 0 + 4*g**2 - 5/24*g**4 + 1/120*g**6 - 1/6*g**3 + 0*g + 1/20*g**5. What is o(-4)?
3
Let b(s) = -s. Let x(g) = -25*g - 2. Let n(d) = 5*b(d) + x(d). Determine n(1).
-32
Let s be -5*(672/(-40))/14. Let n(d) be the second derivative of d**5/40 - d**3/6 + 2*d. Let y(g) be the second derivative of n(g). What is y(s)?
18
Let c(s) = s**3 - 7*s**2 - 8*s. Let h be c(8). Let g be (5 + h + -4)*-1. Let w(p) = 2*p**3 - p**2 - p - 1. What is w(g)?
-3
Let y = -26 + 30. Suppose -2*j + y*j - 6 = 0. Let n(u) = -j - u - 3 + 5. Give n(6).
-7
Let r = 54 - 54. Suppose -2 = 4*i + a, i + 2*a - 6 + 3 = r. Let b(j) = -j - 2 + 2*j**2 - 8*j**3 + 3 + 3*j. Calculate b(i).
9
Let b(y) be the third derivative of 0 + 1/2*y**3 + 0*y - 1/24*y**4 + 21*y**2. Give b(4).
-1
Let v(r) = r + 9. Suppose 4*f = -5*g + 10, -g - f + 6 = 2*g. Let l(b) = -3*b - 37. Let x(a) = g*l(a) + 9*v(a). Give x(-6).
-11
Let v(a) = -3*a**2 - a - 3. Let l be v(2). Let i = l + 21. Let b(d) = -4*d - 1. Give b(i).
-17
Let i(p) = p**3 - 4*p**2 - 5*p - 4. Let l be (-8)/(-1 - 1) - -1. Suppose 0 = -o + l. Determine i(o).
-4
Let k be (13 + -16)/(6/(-4)). Let j(i) = -2*i - 1 - k + 3 + 1. What is j(1)?
-1
Let u(n) = 3*n - 42. Let y be u(16). Suppose -y = h - 7. Let f(s) = -4*s + 1. Calculate f(h).
-3
Suppose -2*f + 56 = 5*w - 0*f, -w + 1 = -3*f. Let x = w + -13. Let r(u) be the second derivative of -u**5/20 - u**4/3 - u**3/3 - 3*u**2/2 + u. Give r(x).
-6
Let t(y) = 2*y. Let z(n) = -6*n + 11. Let h(r) = 12*r - 22. Let v(x) = 4*h(x) + 7*z(x). Let o be v(3). Calculate t(o).
14
Let g(s) = 3*s - 28. Let r be g(10). Suppose 3*j - 3 = 4*h - 30, h = r*j + 13. Let d(c) = 2*c + 3. Determine d(h).
9
Let b(t) = 4*t - 8. Let a(y) = y - 1. Let r(h) = -5*a(h) + b(h). Suppose 5*z = -0*z. Suppose 0 = -s - 4*s, z = -3*g + s - 12. Determine r(g).
1
Let z be (16/6)/(10/(-615)). Let c be (-2)/(-4) - z/8. Let m = c - 19. Let f(i) = i**2 - 2*i + 2. Calculate f(m).
2
Let g = -38 - -53. Let c = g - 3. Suppose 0 = -3*j + 6*j - c. Let h(n) = n**2 - 3*n. Calculate h(j).
4
Let h(d) = 6*d**2 + 2*d + 7. Let s(l) = 5*l**2 + 2*l + 6. Let a(k) = -4*h(k) + 5*s(k). Suppose 4*p + 16 = -3*i - 0, -8 = 4*i + 2*p. Let b = -3 + i. Give a(b).
5
Let o(k) = 3 - k**2 + 2*k - 15*k - 5*k**2 + 5*k**2. Give o(-13).
3
Let t(q) = -q**3 + q**2 - 1. Let k(f) = 9*f**3 + 9*f**2 - f + 1. Let b be k(-1). Determine t(b).
-5
Let p(u) = 2*u + 1 - 1 - 1. Suppose 0 = 637*m - 677*m + 200. Calculate p(m).
9
Let m(w) = -4*w 